s of 473670?
2, 3, 5, 19, 277
What are the prime factors of 4695666?
2, 3, 782611
What are the prime factors of 1585027?
1585027
What are the prime factors of 831937?
101, 8237
What are the prime factors of 305078?
2, 152539
List the prime factors of 25662.
2, 3, 7, 13, 47
List the prime factors of 32389864.
2, 13, 23957
List the prime factors of 3425.
5, 137
List the prime factors of 2963827.
743, 3989
List the prime factors of 4427599.
11, 17, 23677
List the prime factors of 6394487.
11, 43, 1229
What are the prime factors of 88846?
2, 31, 1433
List the prime factors of 9771377.
7, 11, 19, 6679
List the prime factors of 793687.
19, 37, 1129
What are the prime factors of 140971?
61, 2311
What are the prime factors of 3731714?
2, 7, 19, 14029
List the prime factors of 27215055.
3, 5, 7, 31, 929
What are the prime factors of 46871?
11, 4261
List the prime factors of 759876.
2, 3, 13, 4871
What are the prime factors of 1078361?
17, 229, 277
List the prime factors of 119762.
2, 233, 257
What are the prime factors of 1159718?
2, 7, 82837
What are the prime factors of 8345444?
2, 2086361
What are the prime factors of 47929?
7, 41, 167
What are the prime factors of 31559?
11, 19, 151
What are the prime factors of 4828461?
3, 11, 146317
List the prime factors of 657467.
179, 3673
What are the prime factors of 9498691?
229, 41479
What are the prime factors of 1962135?
3, 5, 7, 6229
What are the prime factors of 5803490?
2, 5, 7, 11, 7537
List the prime factors of 743088.
2, 3, 113, 137
What are the prime factors of 235966?
2, 127, 929
What are the prime factors of 853078?
2, 73, 5843
What are the prime factors of 326793?
3, 97, 1123
List the prime factors of 7912254.
2, 3, 7, 31, 59, 103
List the prime factors of 427872.
2, 3, 4457
What are the prime factors of 647358?
2, 3, 23, 4691
List the prime factors of 6450867.
3, 238921
What are the prime factors of 563429?
43, 13103
What are the prime factors of 6815443?
31, 109, 2017
What are the prime factors of 200122?
2, 13, 43, 179
List the prime factors of 2550819.
3, 850273
What are the prime factors of 8197919?
31, 67, 3947
List the prime factors of 72959.
72959
What are the prime factors of 18581699?
18581699
What are the prime factors of 2444517?
3, 47, 5779
What are the prime factors of 346076?
2, 241, 359
What are the prime factors of 11938?
2, 47, 127
What are the prime factors of 178645?
5, 35729
What are the prime factors of 846465?
3, 5, 56431
What are the prime factors of 894407?
894407
What are the prime factors of 556521?
3, 7, 26501
What are the prime factors of 583495?
5, 11, 103
List the prime factors of 94238.
2, 47119
What are the prime factors of 9369341?
9369341
What are the prime factors of 11260753?
7, 359, 4481
List the prime factors of 13441348.
2, 3360337
What are the prime factors of 7029986?
2, 3514993
What are the prime factors of 12138644?
2, 7, 19, 22817
List the prime factors of 645180.
2, 3, 5, 10753
What are the prime factors of 428261?
109, 3929
List the prime factors of 804010.
2, 5, 37, 41, 53
List the prime factors of 1013677.
7, 179, 809
List the prime factors of 71601.
3, 29, 823
What are the prime factors of 1516215?
3, 5, 101081
What are the prime factors of 647528?
2, 7, 31, 373
What are the prime factors of 230613?
3, 76871
List the prime factors of 35069.
35069
What are the prime factors of 6584151?
3, 7, 17, 18443
List the prime factors of 22020342.
2, 3, 359, 10223
List the prime factors of 3469914.
2, 3, 7, 27539
What are the prime factors of 35809?
35809
What are the prime factors of 59165?
5, 11833
List the prime factors of 309361.
13, 53, 449
List the prime factors of 257926.
2, 29, 4447
What are the prime factors of 215126?
2, 107563
What are the prime factors of 229879?
13, 17683
List the prime factors of 13922253.
3, 515639
What are the prime factors of 2917009?
557, 5237
List the prime factors of 11137915.
5, 2227583
What are the prime factors of 19189901?
19189901
What are the prime factors of 1023342?
2, 3, 170557
What are the prime factors of 12332590?
2, 5, 1233259
List the prime factors of 398882.
2, 11, 18131
What are the prime factors of 17527?
17, 1031
What are the prime factors of 1955504?
2, 122219
What are the prime factors of 37664664?
2, 3, 271, 5791
List the prime factors of 605945.
5, 121189
List the prime factors of 456830.
2, 5, 11, 4153
What are the prime factors of 148349?
109, 1361
List the prime factors of 8525525.
5, 23, 14827
List the prime factors of 919887.
3, 17, 1061
What are the prime factors of 125880?
2, 3, 5, 1049
List the prime factors of 14848103.
419, 35437
List the prime factors of 466602.
2, 3, 19, 4093
List the prime factors of 7400589.
3, 7, 352409
List the prime factors of 1520177.
103, 14759
What are the prime factors of 24428?
2, 31, 197
What are the prime factors of 2444498?
2, 7, 17, 10271
What are the prime factors of 4323886?
2, 7, 308849
List the prime factors of 2355472.
2, 7, 21031
What are the prime factors of 126784?
2, 7, 283
List the prime factors of 2565731.
7, 73, 5021
What are the prime factors of 2573791?
11, 89, 239
List the prime factors of 192394.
2, 19, 61, 83
What are the prime factors of 8189979?
3, 7, 389999
What are the prime factors of 14800654?
2, 11, 672757
What are the prime factors of 6077854?
2, 3038927
List the prime factors of 47116.
2, 11779
List the prime factors of 2374952.
2, 307, 967
What are the prime factors of 3778974?
2, 3, 23327
List the prime factors of 5687622.
2, 3, 17, 18587
What are the prime factors of 2615755?
5, 349, 1499
List the prime factors of 3736528.
2, 43, 5431
What are the prime factors of 912524?
2, 228131
What are the prime factors of 2100898?
2, 1050449
What are the prime factors of 1069706?
2, 11, 48623
List the prime factors of 44030.
2, 5, 7, 17, 37
What are the prime factors of 17674985?
5, 17, 207941
List the prime factors of 2006019.
3, 74297
List the prime factors of 23680528.
2, 31, 47743
List the prime factors of 8301697.
103, 80599
What are the prime factors of 2645806?
2, 1322903
List the prime factors of 4759698.
2, 3, 71, 11173
What are the prime factors of 183775?
5, 7351
What are the prime factors of 565950?
2, 3, 5, 7, 11
List the prime factors of 1859004.
2, 3, 7, 2459
What are the prime factors of 116978?
2, 23, 2543
What are the prime factors of 43522158?
2, 3, 61, 118913
List the prime factors of 155638.
2, 7, 11117
List the prime factors of 239427.
3, 37, 719
List the prime factors of 2651023.
997, 2659
What are the prime factors of 114343?
114343
List the prime factors of 69217.
19, 3643
List the prime factors of 204023.
204023
List the prime factors of 3638679.
3, 11, 71, 1553
List the prime factors of 191730.
2, 3, 5, 7, 11, 83
List the prime factors of 4041336.
2, 3, 13, 12953
List the prime factors of 252781.
113, 2237
List the prime factors of 794323.
293, 2711
What are the prime factors of 915058?
2, 31, 14759
What are the prime factors of 4552439?
89, 51151
What are the prime factors of 3135542?
2, 1567771
What are the prime factors of 39115647?
3, 4346183
List the prime factors of 475239.
3, 157, 1009
List the prime factors of 31563.
3, 7, 167
List the prime factors of 263808.
2, 3, 229
List the prime factors of 357570.
2, 3, 5, 29, 137
List the prime factors of 37689.
3, 17, 739
List the prime factors of 405582.
2, 3, 23, 2939
List the prime factors of 31151.
31151
What are the prime factors of 17155?
5, 47, 73
What are the prime factors of 5481561?
3, 149, 12263
List the prime factors of 269513.
269513
What are the prime factors of 65026?
2, 13, 41, 61
List the prime factors of 1484342.
2, 31, 89, 269
List the prime factors of 8476106.
2, 4238053
List the prime factors of 253753.
47, 5399
What are the prime factors of 21223108?
2, 53, 100109
What are the prime factors of 1510?
2, 5, 151
List the prime factors of 141739.
13, 10903
What are the prime factors of 942475?
5, 37699
List the prime factors of 1049569.
1049569
What are the prime factors of 102455?
5, 31, 661
What are the prime factors of 57262?
2, 28631
List the prime factors of 44980.
2, 5, 13, 173
List the prime factors of 1752478.
2, 7, 13, 9629
What are the prime factors of 215492?
2, 17, 3169
List the prime factors of 319050.
2, 3, 5, 709
What are the 